 3 - 1 + 2*d - 5. Calculate b(3).
3
Let v = 120 - 120. Let w(u) be the third derivative of u**6/120 + u**5/60 - u**4/24 - u**3/2 + u**2. Give w(v).
-3
Let z(r) = -2*r**2 + 7*r - 1. Let o = -90 + 95. What is z(o)?
-16
Let g(j) = 3*j**3 - 10*j**2 - 9*j + 3. Let v(m) = -m**3 + 3*m**2 + 3*m - 1. Let w(b) = -3*g(b) - 8*v(b). Determine w(6).
17
Let l(w) = w + 5 - 6 - 4*w. Let t be (0 - 1) + (-2)/1. Give l(t).
8
Let m = -49 + 21. Let a = m + 50. Suppose 0 = -3*g - 9, -a = 3*k + 2*k - g. Let i(z) = z**2 + 5*z - 3. Determine i(k).
-3
Let s = -8 - -9. Let m(x) = 5*x. Calculate m(s).
5
Let x(q) = -3*q**2 - 5*q - 12. Let v(k) = -4*k**2 - 5*k - 13. Let u(r) = 4*v(r) - 5*x(r). Suppose -4 = -c + 2*n - 0, -5*c = -4*n - 26. Determine u(c).
2
Suppose 0 = 5*i + 1 - 16. Let z(k) = -k**3 + 3*k**2 - 2*k. What is z(i)?
-6
Suppose c + 4*c - 10 = 0. Let y be (c + -2)*(-3)/9. Let g(n) = -n**3 + 5*n + 3. Let i(a) = a**3 - 4*a - 3. Let m(l) = -4*g(l) - 5*i(l). What is m(y)?
3
Let u(z) = 3*z**2 - 8*z - 6. Let c(d) = 7*d**2 - 17*d - 13. Let o(j) = -4*c(j) + 9*u(j). Calculate o(-3).
1
Let b(l) be the third derivative of -l**6/60 - l**5/20 - l**4/24 + 2*l**2. Suppose 0*u + u + 4*m = 2, 4*m = -3*u - 2. Calculate b(u).
6
Let v = -16 - -19. Let x(l) = -2*l + 2. Give x(v).
-4
Let q be 5/(-2)*(-12)/10. Suppose -c + 2 = 2*v - 1, 0 = -v + q. Let y(w) = -w + 1. Determine y(c).
4
Let c(x) = -x**2. Let a(s) = -s**2 + 8*s + 9. Let q(o) = -a(o) + 2*c(o). Determine q(-6).
3
Let s = -11 + 7. Let d(w) = -w**2 - 6*w - 2. What is d(s)?
6
Let w(p) = p. Let y be (3/2)/((-18)/(-1992)). Let k be y/18 - (-2)/(-9). Let v = 3 - k. Calculate w(v).
-6
Suppose 2*p + 30 - 22 = 0. Let z(n) = -n**2 - 3*n + 4. Calculate z(p).
0
Let x(y) = y**2 - y - 3. Suppose 12 = -4*w + 5*f, 2*f + f + 6 = -2*w. Determine x(w).
9
Let z(b) = 2*b**3 + 3*b**2 + 3. Let t(y) = -y**3 - 1. Let d(a) = 3*t(a) + z(a). Calculate d(3).
0
Let o be (-1 + 4)/(-3)*6. Let n(s) = -s. What is n(o)?
6
Let b = -12 + 18. Let m(u) = -u**2 + 7*u - 5. Determine m(b).
1
Suppose -2*n + 5 = -1. Let o(l) = 4*l**3 + l**2 + 2*l**3 + l - 5*l**n + 4*l**3. Suppose 5*q + 20 = 0, 3*d - 4*q - 13 = -0*d. Calculate o(d).
-5
Let w(l) be the third derivative of -l**4/6 - l**3/3 + 3*l**2. What is w(2)?
-10
Let w(u) = -u**3 - u**2 - u + 3*u + 3*u**2 + 0*u + 2. Calculate w(3).
-1
Let w(k) = k**3 + k**2. Suppose -6*j + 16 = -2*j. Let m = j - 3. Calculate w(m).
2
Suppose 3*m + 18 - 24 = 0. Let z(c) = 3*c**2 - 3*c. Give z(m).
6
Let b(i) = -5*i - 4. Let c(x) = x + 1. Let n(z) = b(z) + 4*c(z). Let q = 10 - 8. Let u be (-1)/(q*3/(-6)). What is n(u)?
-1
Let u(c) = 20*c**2 - 2*c + 1. Let n(x) = -80*x**2 + 8*x - 5. Let t(v) = -2*n(v) - 9*u(v). Give t(-1).
-21
Let h be -1 + 8/(-2)*1. Suppose 0 = 2*c - 2. Let m(n) = -n**3 + n - 1. Let s(f) = -2*f**3 + 5*f**2 + 3*f - 4. Let r(x) = c*s(x) - 3*m(x). What is r(h)?
-1
Let z(h) = -6*h - 3 + 1 + 2*h + 6*h. Determine z(2).
2
Let l(j) be the first derivative of -j**3/3 + 3*j**2/2 + 2*j + 7. Calculate l(3).
2
Let i(n) = 19*n + 16. Let x be i(-1). Let y(h) = -5*h - h**2 + 4 + h + h. Calculate y(x).
4
Let k(x) = -1 - 2*x + 2 + 8 - 8. Calculate k(-1).
3
Let s(w) be the second derivative of w**3/6 + 2*w. Let t be (-34)/8 - 12/16. Determine s(t).
-5
Let n(o) = 15*o**3 + o - 2*o**3 - o**2 + 2 - 14*o**3. Suppose 2*w - 4 - 6 = 0. Let a = 3 - w. Determine n(a).
4
Let v(w) = -8*w**2 - 17*w + 20. Let k(u) = 3*u**2 + 6*u - 7. Let p(f) = -11*k(f) - 4*v(f). Let j be ((-6)/(-2))/((-12)/(-8)). Give p(j).
-3
Let d(q) = -3*q**2 + 2*q + 1. Suppose 2*t + 3*t = -5. What is d(t)?
-4
Suppose -3*i + 2*i = -3. Suppose -i*n + 5*p + 12 = 0, -3*n + p = -2*p - 12. Let o(c) = 0*c**3 + 3*c**2 + 0 + 4*c - c**3 + 4. Determine o(n).
4
Let u(i) = -3*i**2 - 1 + 5*i**2 + 19*i - 12*i - 6*i. Determine u(-3).
14
Let r(s) = -8*s**2 + s. Suppose 5*j + 34 = 29. Give r(j).
-9
Suppose 0 = -2*q + x + 38, -q = -0*q - 3*x - 29. Suppose y - 22 = 4*r + 2*y, 5*r + q = 4*y. Let t(d) = 2*d + 4. Determine t(r).
-6
Let a(s) = -3*s**3 - 7*s**2 + 2*s - 2. Let x(b) = 10*b**3 + 22*b**2 - 7*b + 6. Let f(i) = -7*a(i) - 2*x(i). Determine f(-4).
18
Let s(u) = 2*u - 3. Suppose -2*y = -r - 7, 0*r - 5*r = -y - 10. Determine s(r).
3
Let v be (52/(-12) - -3)*3. Let m(q) = 2*q**3 + 11*q**2 - 17*q - 10. Let l(c) = 3*c**3 + 16*c**2 - 25*c - 15. Let a(o) = -5*l(o) + 7*m(o). Calculate a(v).
-3
Let q(h) be the second derivative of -h**3 + h**2 + h. Let s be q(-3). Suppose m + 3*m = -2*i - s, 5*i = 0. Let f(x) = x**3 + 4*x**2 - 6*x - 1. Determine f(m).
4
Let w(t) = -t**3 + t**2 + t + 23. Let n be w(0). Suppose 4*m + 7 - n = 0. Suppose 3 - m = q. Let s(y) = -7*y. What is s(q)?
7
Let w(n) = n**2 - 4*n + 3. Let p(d) = -d + 1. Suppose 2 = -5*q - 13. Let h(g) = q*p(g) - w(g). Calculate h(5).
4
Let m(a) = -6 - 2*a**2 - 4*a + 5 - 2*a**3 + 2*a. What is m(-1)?
1
Suppose 3*q + 0*y - 4*y - 8 = 0, -2*q + 3*y = -7. Let o be -2 - (1 + q)/(-3). Let n(t) = -t - 4. What is n(o)?
-1
Let h(j) = j**3 - 3*j**2 - 5*j. Let v be (-20)/(-6)*(-6)/(-5). Suppose 4*o + 5*l = -0*o - 15, 0 = -4*o - l - 3. Suppose a + o = v. Determine h(a).
-4
Let t(l) = -7*l - 1. Let d(z) = -z**2 - 7*z - 3. Let y(o) = -o**2 - 8*o - 3. Let h(v) = 3*d(v) - 2*y(v). Suppose 0*w + 20 = -5*w. Let m be h(w). Calculate t(m).
-8
Suppose 3*b = -4*f - 10, 8*b - 7*b - f = -1. Let w(z) = z**2 + z - 1. Calculate w(b).
1
Let t(h) = 2*h - 12. Let d be t(9). Let z(v) = -3*v**3 + d*v + 5*v**3 - v**3 - 6*v**2. Calculate z(5).
5
Let j = -13 - -15. Let l(a) = -1. Let d(u) = u - 7. Let r(v) = j*l(v) - d(v). Let q(w) = w**3 - 2*w**2 + w. Let s be q(1). Give r(s).
5
Suppose -b + 10 = 4*b. Let g(m) = 3*m**2 - 2*m**3 - m - 1 + m**3 + m**b. Give g(3).
5
Let s(q) = -3*q + 25. Let x be s(7). Let p(g) = -4 + 0 - g + 2*g. Determine p(x).
0
Let c = -19 - -17. Let t(f) be the third derivative of -f**5/60 + f**4/24 + f**3/6 - f**2. Give t(c).
-5
Suppose 7 + 1 = 3*s + 4*y, 4*s = 3*y + 19. Suppose -3*t = 12, -t - s*t = -i + 22. Let u = -7 + i. Let q(l) = -l**2 - 5*l + 6. Determine q(u).
6
Let y(s) = s**2 - 8. Let l = -11 - -11. Calculate y(l).
-8
Let r be (-14)/3 + (-2)/6. Let x(w) be the third derivative of -w**5/60 - w**4/6 + 5*w**3/6 + 5*w**2. What is x(r)?
0
Suppose -3*m = 3*l + 2*m + 24, -3*l = m + 12. Let r(k) = 9 + 2*k + 2*k**3 + 4*k**2 - k**3 + 6 - 13. What is r(l)?
5
Let i(l) = -6*l - 8. Let c(g) = 7*g + 9. Let a(j) = 5*c(j) + 6*i(j). What is a(3)?
-6
Let r(k) = -2*k - 5. Let u be r(-4). Let y = 6 + -4. Let j(z) = -7*z + 3*z + y*z. Determine j(u).
-6
Let h(y) = y**2 + 7*y - 2. Let p(x) = -x**2 + 3*x - 2. Suppose -3*t + 7 = -5. Let w be p(t). Calculate h(w).
-8
Let p be (-4)/(1 + -1*3). Suppose -6*c + 12 = -p*c. Let x(h) = h. Determine x(c).
3
Let l(p) = p**2 - 1. Suppose -4*a = a - 6*a. What is l(a)?
-1
Let o = 18 + -13. Let t(f) = f**2 - 5*f + 6. Determine t(o).
6
Let u(r) be the first derivative of -r**2/2 + 15*r + 8. What is u(0)?
15
Let o(y) = -y**2 - 5*y + 5. Let q be o(-5). Let h = -6 + q. Let f(x) = -6*x**2 - x. What is f(h)?
-5
Let s(d) = 3*d - 2 - 5*d + d**2 + 0. Let x(g) = -g**2 - 9*g - 8. Let h be x(-8). Suppose -b + h = -2. Determine s(b).
-2
Suppose 0 = 4*m + 12, 2*m - 17 = 5*g + m. Let o(j) = -j**2 + 1. Let h(w) = 3*w**2 - 4*w. Let c(q) = h(q) + 4*o(q). What is c(g)?
4
Let p(z) = -z**2 - 2*z. Let i(b) = b - 3*b + 5 + 0 + 3*b. Let q be i(7). Suppose l = 5*l + q. Give p(l).
-3
Let i(y) = y + 1. Suppose 5*h - 1 - 9 = 0. Let n be (5/(-2))/(1/h). What is i(n)?
-4
Let a(b) = 2*b - 5. Suppose -3*f = 51 - 9. Let x be (-3 - f/4)*8. Give a(x).
3
Let c(i) = -i**2 + 0 + 0 + 1 + 2*i + 2*i. Let z be c(3). Suppose 2*n + z = n. Let s(j) = -j**3 - 5*j**2 - 7*j - 5. Give s(n).
7
Let u(t) = 2*t**3 - 2*t**2 + t - 2. Let h be u(2). Suppose -h = 2*p - 0. Let v(i) = -6*i + 4 + 2*i + i**2 - 2*i**2. Give v(p).
4
Let k = 2 - 5. Let z(s) be the first derivative of -1/3*s**3 + 2*s + 2 + 1/2*s**2. Determine z(k).
-10
Let d(q) = 3*q - 12. Let u be d(6). Let r(b) = -b**2 + 5*b - 3. What is r(u)?
-9
Let j(v) = -4 - v**2 - 3*v + 0 + 5 + 0*v**2. What is j(-4)?
-3
Suppose c = 3*p - 9, -5*c = -4*p + 2*p + 19. Let k(f) = 1 - p + 4 - f - 1. Calculate k(5).
-3
Let v = 6/17 - 19/102. Let k(q) be the second derivative of -v*q**3 - 1/2*q**2 + 0 - q. Calculate k(-3).
2
Let r(y) = -6*y - 1. Let c(x) = -4 +